he remainder when 37517 is divided by 986?
49
What is the remainder when 6341 is divided by 217?
48
What is the remainder when 981 is divided by 112?
85
Calculate the remainder when 2959 is divided by 197.
4
What is the remainder when 16691 is divided by 1826?
257
Calculate the remainder when 7704 is divided by 7684.
20
What is the remainder when 1319 is divided by 11?
10
Calculate the remainder when 16000 is divided by 81.
43
What is the remainder when 3504 is divided by 9?
3
What is the remainder when 841 is divided by 275?
16
Calculate the remainder when 18557 is divided by 6175.
32
Calculate the remainder when 51540 is divided by 12805.
320
What is the remainder when 43829 is divided by 21907?
15
What is the remainder when 34796 is divided by 2492?
2400
Calculate the remainder when 33611 is divided by 4797.
32
What is the remainder when 2596 is divided by 20?
16
What is the remainder when 91766 is divided by 230?
226
What is the remainder when 4011 is divided by 3964?
47
Calculate the remainder when 451867 is divided by 11.
9
Calculate the remainder when 46615 is divided by 97.
55
Calculate the remainder when 4521 is divided by 179.
46
Calculate the remainder when 53543 is divided by 2227.
95
Calculate the remainder when 5773 is divided by 1149.
28
Calculate the remainder when 21272 is divided by 1329.
8
What is the remainder when 7903 is divided by 108?
19
Calculate the remainder when 47856 is divided by 2175.
6
What is the remainder when 1522379 is divided by 115?
9
What is the remainder when 174759 is divided by 34949?
14
What is the remainder when 6208 is divided by 84?
76
What is the remainder when 35766 is divided by 14?
10
What is the remainder when 227953 is divided by 1594?
11
What is the remainder when 1525 is divided by 22?
7
What is the remainder when 334963 is divided by 542?
7
What is the remainder when 23214 is divided by 123?
90
What is the remainder when 2603 is divided by 324?
11
What is the remainder when 56156 is divided by 44?
12
Calculate the remainder when 21705 is divided by 18.
15
What is the remainder when 25966 is divided by 4282?
274
Calculate the remainder when 28358 is divided by 99.
44
What is the remainder when 336636 is divided by 245?
6
What is the remainder when 243123 is divided by 25?
23
Calculate the remainder when 1152021 is divided by 384005.
6
Calculate the remainder when 266987 is divided by 1099.
1029
What is the remainder when 618586 is divided by 18745?
1
What is the remainder when 28011 is divided by 957?
258
Calculate the remainder when 4975 is divided by 395.
235
What is the remainder when 172606 is divided by 81?
76
What is the remainder when 8195 is divided by 8188?
7
Calculate the remainder when 155647 is divided by 10375.
22
What is the remainder when 8227 is divided by 28?
23
Calculate the remainder when 2906 is divided by 834.
404
What is the remainder when 14371 is divided by 1026?
7
What is the remainder when 4753 is divided by 176?
1
What is the remainder when 668 is divided by 621?
47
What is the remainder when 1056356 is divided by 211271?
1
What is the remainder when 29797 is divided by 1418?
19
Calculate the remainder when 529 is divided by 116.
65
What is the remainder when 16671 is divided by 836?
787
Calculate the remainder when 25415 is divided by 19.
12
Calculate the remainder when 1765 is divided by 100.
65
What is the remainder when 96473 is divided by 13781?
6
What is the remainder when 9943 is divided by 193?
100
Calculate the remainder when 2379 is divided by 11.
3
What is the remainder when 29519 is divided by 83?
54
Calculate the remainder when 1375 is divided by 99.
88
Calculate the remainder when 2479 is divided by 601.
75
Calculate the remainder when 294748 is divided by 786.
784
What is the remainder when 222285 is divided by 6?
3
What is the remainder when 8360 is divided by 928?
8
What is the remainder when 664666 is divided by 12?
10
What is the remainder when 133734 is divided by 1651?
3
What is the remainder when 14063 is divided by 63?
14
What is the remainder when 784 is divided by 152?
24
Calculate the remainder when 31215 is divided by 66.
63
What is the remainder when 813506 is divided by 46?
42
Calculate the remainder when 52960 is divided by 26.
24
Calculate the remainder when 2379 is divided by 827.
725
What is the remainder when 138854 is divided by 69423?
8
Calculate the remainder when 609 is divided by 282.
45
Calculate the remainder when 42762 is divided by 185.
27
What is the remainder when 4699 is divided by 162?
1
Calculate the remainder when 29482 is divided by 263.
26
What is the remainder when 795 is divided by 100?
95
Calculate the remainder when 1464 is divided by 373.
345
Calculate the remainder when 36862 is divided by 191.
190
Calculate the remainder when 33060 is divided by 479.
9
Calculate the remainder when 18872 is divided by 50.
22
What is the remainder when 35577 is divided by 937?
908
What is the remainder when 1320 is divided by 13?
7
Calculate the remainder when 24719 is divided by 1128.
1031
Calculate the remainder when 9181 is divided by 1580.
1281
What is the remainder when 20936 is divided by 466?
432
What is the remainder when 7804 is divided by 7800?
4
Calculate the remainder when 138213 is divided by 26.
23
Calculate the remainder when 2662 is divided by 267.
259
Calculate the remainder when 33417 is divided by 363.
21
Calculate the remainder when 10283 is divided by 390.
143
What is the remainder when 384907 is divided by 972?
967
Calculate the remainder when 10583 is divided by 141.
8
What is the remainder when 52321 is divided by 254?
251
Calculate the remainder when 28999 is divided by 81.
1
Calculate the remainder when 1269 is divided by 391.
96
What is the remainder when 5121 is divided by 146?
11
Calculate the remainder when 7650 is divided by 542.
62
Calculate the remainder when 15906 is divided by 26.
20
Calculate the remainder when 1694 is divided by 221.
147
Calculate the remainder when 243536 is divided by 112.
48
What is the remainder when 11042 is divided by 5514?
14
Calculate the remainder when 25385 is divided by 12690.
5
Calculate the remainder when 11003 is divided by 1084.
163
Calculate the remainder when 6294 is divided by 2096.
6
What is the remainder when 341449 is divided by 1411?
1398
What is the remainder when 93492 is divided by 4451?
21
What is the remainder when 2648 is divided by 208?
152
What is the remainder when 9472 is divided by 172?
12
What is the remainder when 6322 is divided by 25?
22
Calculate the remainder when 182871 is divided by 209.
205
What is the remainder when 52845 is divided by 324?
33
Calculate the remainder when 22032 is divided by 10969.
94
Calculate the remainder when 19450 is divided by 9656.
138
Calculate the remainder when 10941 is divided by 2187.
6
Calculate the remainder when 307577 is divided by 1135.
1127
Calculate the remainder when 46640 is divided by 75.
65
Calculate the remainder when 958 is divided by 3.
1
What is the remainder when 17961 is divided by 75?
36
What is the remainder when 2211 is divided by 246?
243
Calculate the remainder when 63630 is divided by 8.
6
Calculate the remainder when 2462324 is divided by 1690.
1684
Calculate the remainder when 1669 is divided by 718.
233
What is the remainder when 1987 is divided by 1941?
46
Calculate the remainder when 608174 is divided by 85.
84
What is the remainder when 4046 is divided by 40?
6
What is the remainder when 5810 is divided by 2888?
34
What is the remainder when 339170 is divided by 139?
10
What is the remainder when 28836 is divided by 9597?
45
Calculate the remainder when 184052 is divided by 64.
52
What is the remainder when 2686 is divided by 382?
12
Calculate the remainder when 14368 is divided by 14354.
14
What is the remainder when 960244 is divided by 320079?
7
What is the remainder when 9127 is divided by 8880?
247
Calculate the remainder when 1905 is divided by 799.
307
Calculate the remainder when 564 is divided by 58.
42
What is the remainder when 16069 is divided by 1595?
119
Calculate the remainder when 40136 is divided by 329.
327
What is the remainder when 49851 is divided by 1859?
1517
Calculate the remainder when 81530 is divided by 127.
123
Calculate the remainder when 2